9). What is the greatest common divisor of 22 and s?
22
Suppose 48*p + 39 = 45*p. Let i = p + 16. Suppose 79 = i*z + 28. Calculate the highest common divisor of z and 51.
17
Let n(o) = o**3 + 3*o**2 + 32*o - 154. Let y be n(7). Calculate the highest common divisor of 20 and y.
20
Let c(m) = 6*m + 40. Let b be c(-5). Calculate the highest common factor of b and 250.
10
Suppose p - 1 = 0, -3*p + 7*p - 7 = -t. Suppose -2*v + 218 = t*z, -6*v + 550 = -v + 5*z. Calculate the greatest common factor of 16 and v.
16
Suppose 3*y - 2 = 2*y. Let h(p) = -32*p - 1 + 35*p + 8*p**y + 5. Let n be h(-2). Calculate the highest common factor of 15 and n.
15
Let f be ((-24)/(-28))/(3*3/126). Calculate the highest common factor of 3 and f.
3
Suppose 2*b = -11*b + 1235. What is the greatest common factor of b and 57?
19
Let s = -75 + 131. Suppose 4*u + 2*p = s, 5*p - 4 = 3*p. What is the greatest common factor of 26 and u?
13
Let t be (-2826)/(-117) + 4/(-26). Suppose 4*z + 8 = t. Suppose z*q + 2 = 5*a, -5*a + 2 = 4*q - 16. What is the greatest common factor of a and 18?
2
Suppose 4*j + m = 7*j - 5357, -8 = 4*m. Calculate the highest common divisor of j and 105.
105
Suppose 5*g + 0 = 4*q - 1, 4*g = 4*q. Let i be 189/(-18)*4/6*g. Calculate the greatest common divisor of 63 and i.
7
Suppose 3*k = o + 264, 5*k = -0*k - 3*o + 440. What is the highest common divisor of k and 8?
8
Suppose 80 - 285 = -c. What is the highest common divisor of 41 and c?
41
Suppose -21 = 5*f + 39. Let x be (f/14)/(10/(-1260)). Suppose 0 = -0*z + 5*z + 3*v - 60, v = 3*z - 36. What is the highest common factor of x and z?
12
Suppose -2 = -q, 5*a + 8*q = 9*q + 328. Calculate the greatest common factor of a and 96.
6
Suppose -5*r = -86 + 581. Let b be 1/(r/(-96) - 1). What is the greatest common divisor of 80 and b?
16
Suppose -4*i = -7*i - 48. Let t = i + 18. Let v be 39/1 + (5 - t). What is the highest common factor of 6 and v?
6
Suppose -4*i + 5*i - 3*a = 42, 3*i - 112 = -5*a. Suppose -g = 5*v + 7, 4*g = -5*v + 28 + 4. Calculate the highest common divisor of g and i.
13
Let d(x) = 8*x - 31. Let w be d(4). Suppose 3*l = 5*g + 97, -l - w = g - 28. What is the highest common factor of 319 and l?
29
Let x(u) = -13*u + 119. Let j be x(9). What is the greatest common factor of 194 and j?
2
Let q = -52 + 56. Let n be 17 + (-3 - (-1 + 0/q)). Suppose 5 = -z + 11. Calculate the highest common divisor of n and z.
3
Let f(j) = j + 76. Let y be f(-8). Calculate the greatest common factor of y and 1700.
68
Suppose 4*m = -0*m + 2*z, -3*m = -4*z. Suppose m - 30 = -5*x. Let p(j) = 24*j**2 - j + 1. Let b be p(1). What is the highest common divisor of b and x?
6
Let z(s) = -3*s**3 + 19*s**2 - 6*s + 16. Let i be z(6). Calculate the highest common divisor of 1424 and i.
16
Let s(g) = g**2 + 7*g + 9. Let a be s(-6). Suppose a*b = 94 + 86. Let l = -4083 + 4098. What is the highest common divisor of b and l?
15
Suppose -4*t = u + u - 8, -5*t + u = -24. Let m be 0/(-1 - t/(-2)). Suppose -3*g - 2*g + 170 = m. Calculate the highest common divisor of g and 17.
17
Let d(v) = 49*v - 353. Let f be d(31). What is the highest common divisor of f and 106?
106
Let a = 19 + 4. Suppose 3*v = -0*v + t + 60, a = 2*v + 5*t. Calculate the highest common factor of v and 57.
19
Suppose 5*p + 2*p + 4*p = 0. Suppose p = -2*n + 3*v + 22, n + 11 = 4*v + 27. Calculate the greatest common factor of n and 24.
8
Suppose 5*c = -c + 54. Let p be (2/(-6))/(c/(-1539)). Calculate the greatest common divisor of 38 and p.
19
Suppose 0 = 15*d - 1478 + 83. What is the greatest common divisor of d and 3?
3
Let g = -197 + 312. Suppose -4*w - 27 = -g. Let x = w + -19. What is the greatest common factor of x and 15?
3
Let a(x) = 4*x + 2*x + 4 + 6 - 6. Let w be a(11). What is the greatest common divisor of 14 and w?
14
Suppose 6*q - q + 4*y = 800, 0 = 3*q - y - 497. Let r = -101 - -22. Let k = q + r. Calculate the highest common divisor of k and 17.
17
Let b(i) = 4*i + 1. Let n(d) = 21*d + 5. Let q(w) = -11*b(w) + 2*n(w). Let m be q(-6). What is the highest common factor of 1 and m?
1
Suppose -3*i + 10 = -2*i. Suppose -6*p - 157 = -217. What is the greatest common divisor of i and p?
10
Suppose 0 = 32*d - 29*d - 45. Calculate the greatest common factor of d and 60.
15
Let k(r) = 37*r - 2. Let l(x) = x - 1. Let b be l(2). Let o be k(b). Let n = -402 + 577. Calculate the highest common factor of o and n.
35
Suppose -5*v + 150 = -90. Calculate the highest common factor of 276 and v.
12
Suppose 284 = 4*k + 6*z - 4*z, k - 2*z - 66 = 0. Let b be (-15 + 0)*2/(-3). What is the greatest common divisor of k and b?
10
Suppose x + 119 = q, 5*x = 3*q + x - 361. Let w = q - 91. What is the highest common divisor of w and 168?
24
Let z(v) = -1 + 0 + 5*v**2 + 0. Let b be z(-3). Let p = 13605 + -13594. Calculate the greatest common factor of p and b.
11
Suppose 0 = -2*k - k + 2*g + 8, -3*k = 5*g - 22. Let a be (-9462)/(-42) + k/(-14). Calculate the greatest common divisor of a and 25.
25
Let g be (4/(-10))/((-6)/(-330)). Let q be 4/g + 70/22. Let o be (-2 - -6) + 6*q. What is the highest common factor of 11 and o?
11
Let x be 1 - (-1 + 5)*-14. Suppose -5*v = -5*l - 29 - 76, -l + x = 2*v. What is the greatest common factor of v and 52?
26
Let r be (-15)/(-10)*4/3. Suppose 3*m + n - 361 = 0, -3*n - 2*n = -r*m + 252. Calculate the greatest common divisor of m and 11.
11
Let k be (-1)/(291/294 + -1). What is the greatest common divisor of 14 and k?
14
Let a(z) = -2*z - 3. Let b be a(21). Let p = -31 - b. Calculate the greatest common factor of p and 112.
14
Suppose 4*y - 740 = 2*x, -y + x = 2*y - 554. Calculate the greatest common factor of 4 and y.
4
Suppose 11*b + 7*b - 36 = 0. What is the greatest common factor of b and 122?
2
Let j be 294/8 - (-6)/(-8). Suppose n + 3*n + j = 0. Let g = n + 19. What is the greatest common divisor of 80 and g?
10
Let j = 41 - 29. Suppose 3*i = -3*g - 12, -2 = -5*i + 13. Let v be 10/(-4)*(-15 - (-63)/g). Calculate the highest common factor of j and v.
12
Suppose -2*w = -6*w + 780. Calculate the greatest common factor of w and 60.
15
Suppose -4*c = -c - 3*u - 12, u - 11 = -2*c. Suppose c*i - 24 = 11. What is the highest common factor of i and 21?
7
Let t be 1/((-26)/(-4)) + 4145/13. Calculate the highest common factor of 29 and t.
29
Suppose -5*k + 23 - 3 = 0, -497 = -y + 4*k. What is the highest common divisor of y and 19?
19
Let w be 359234/424 + (-3)/(-4). What is the greatest common factor of 159 and w?
53
Let j(z) = -5*z + 168. Let f be j(0). Let g be (-5 - (1 + -2)) + f/2. Suppose -46 = 5*s - 146. Calculate the greatest common divisor of s and g.
20
Let l = -2 + 6. Let p(y) = 7*y**2 - 3*y. Let d be p(l). Let s be (-3 - 2)*24/(-3). What is the highest common factor of s and d?
20
Suppose -5*k - 18 = -3*k + 2*n, 4*k - n + 21 = 0. Let c be (-11)/((-143)/310) + k/(-39). What is the greatest common divisor of 264 and c?
24
Suppose 3*r + 2*h = 25, -r + 11 = -5*h + 31. Suppose 39 + 51 = r*y. Let f be (-23)/(-3*2/y). Calculate the greatest common factor of f and 23.
23
Let h(z) = -z**3 + 5*z**2 + 4*z - 6. Let r be h(4). Let j = 599 + 54. Suppose -4*k + j = -179. Calculate the greatest common factor of r and k.
26
Suppose -358 + 134 = -8*d. Suppose -i = 2*s - d, 5*i - 17 + 3 = -s. What is the highest common divisor of s and 4?
2
Let o be -5 - (-4 + 0 - -6). Let s(a) = a**3 + 8*a**2 + 7*a + 4. Let g be s(o). Suppose g*k - 6*k + 6 = 0. Calculate the greatest common divisor of 1 and k.
1
Let s = -4 + 0. Let u(k) = -k - 6. Let h be u(s). Let p be 26/(h - -1)*-1. What is the greatest common divisor of p and 13?
13
Let d be (-2*1/4)/((-8)/960). Let s(w) be the first derivative of w**2 + 4*w + 3. Let q be s(4). Calculate the greatest common divisor of d and q.
12
Let y = -239 - -256. What is the greatest common divisor of y and 170?
17
Suppose 3*g + 4*s - 507 = 584, 4*g - 1456 = -5*s. Calculate the highest common factor of g and 533.
41
Let k = 251 - 220. Calculate the highest common factor of 279 and k.
31
Let t = 1 + 23. Let d be (12 + 38 - 2)*(-2)/(-6). Calculate the highest common factor of d and t.
8
Suppose -v + m = -11, -4*v + v + 29 = -2*m. Calculate the highest common divisor of 10 and v.
1
Let y = 1366 + -1345. What is the greatest common 